2
Evaluate -4 + -1 - -2 - -7.
4
Calculate (0 - -1) + -5 - (-98 - -95).
-1
-11 - (-1 + -5 - -1)
-6
What is (-3 - -2) + 5 + 1?
5
-1 + 2 + 0 + 0 - -1
2
What is the value of -7 + -1 + -3 - -9?
-2
Calculate -8 + 1 - (-3 - 2).
-2
What is the value of -6 + 3 + (2 - 0)?
-1
-3 + -3 - -2 - (-1 - 4)
1
Evaluate (-2 - -7) + -2 - (-6 - -6).
3
(9 - 17) + (3 - 0)
-5
-1 - -2 - (7 - 3)
-3
What is 1 + (-19 - 0) + (32 - 25)?
-11
5 + 2 + 0 + -11
-4
What is (1 - -1) + (4 - (-1 + 8))?
-1
Evaluate -16 + 7 + 2 + -8 + 6.
-9
Calculate 1 + 5 + -8 + 5.
3
Evaluate 14 + -12 + (5 - 2) + 0.
5
-3 + 13 + -2 - 4
4
Evaluate -3 - (-16 + 7 + 2).
4
What is the value of (-1 - -4) + 13 + -24 + 13?
5
What is (2 - (-1 + -5)) + 2 + -6?
4
Calculate -1 + -1 + 12 + -10.
0
Calculate -4 + (0 - (-1 + -3 - 0)).
0
What is -5 + (-6 - (-8 - -4)) - -4?
-3
Evaluate 2 + (-7 - (-2 - 8)).
5
Calculate -1 + 1 + (3 - 6) + -1.
-4
Calculate (6 - (1 - -1 - -2)) + -4.
-2
Calculate -22 + 13 - (-2 + -1).
-6
What is the value of 5 + -7 + (5 - 1)?
2
22 + -9 + -5 + -6
2
Calculate 5 - ((-4 - -10) + -1).
0
What is -1 - (-10 - (-2 + -4))?
3
Calculate 2 + (-2 + -7 - -10).
3
Calculate -2 - (-1 - 7 - -7).
-1
What is (-1 - 2) + (10 - 25) + 15?
-3
Evaluate (-2 - (-3 + 2 - 2)) + -6.
-5
Evaluate (-4 - -1) + (-6 - (-9 - -5)).
-5
What is -26 + 11 + 7 + 12?
4
Evaluate 0 - -3 - (1 - 2).
4
What is -6 - (5 - 7) - (-4 - -3)?
-3
What is 2 + 0 - (-1 - -5)?
-2
Calculate 1 + 0 + -2 + 2 + 4.
5
-3 - ((2 - -2) + -2)
-5
Calculate -67 + 65 - (-1 - 5).
4
Evaluate 0 + 4 + 150 + -160.
-6
What is the value of -12 - -9 - (0 + -2) - -4?
3
Evaluate (1 - 4) + -2 + 4.
-1
Evaluate (-10 - (-23 - -11)) + -3.
-1
Calculate (-1 - -6 - (1 - -3)) + -5.
-4
What is 10 + (1 - 7) + (-1 - 0)?
3
Calculate (7 - 1) + -21 + 15 + 1.
1
Evaluate (-3 + -5 + 12 - -7) + -4.
7
Evaluate 10 + (-6 - ((-4 - -5) + -4)).
7
(5 + -8 - 1) + 2
-2
(2 - 8) + -3 + 8
-1
Calculate -2 - (-5 - -4) - 1.
-2
Calculate 0 - (1 + (-2 - -3)) - 3.
-5
4 + -8 - (5 - (9 + -7))
-7
Evaluate 5 + -1 - (-1 + 3).
2
Calculate (6 - 4 - (0 + 3)) + 2.
1
Calculate 2 - (4 + -6 - -1 - 1).
4
What is 0 + -2 + 0 + 1 + 0?
-1
What is (-12 - (9 + -13)) + 1?
-7
Evaluate -3 - (-1 - (-8 - -4)).
-6
What is (-10 - 7 - -4) + -3 - -8?
-8
What is 8 + (-5 - (4 - 5 - 0))?
4
What is the value of 0 - 4 - (49 + -50)?
-3
What is 1 - (-4 - -3) - 4?
-2
(-5 - -9 - 1 - -1) + -3
1
What is the value of -3 - (-5 - (-6 + 5) - -2)?
-1
Evaluate 1 + -1 + -4 - (36 + -36).
-4
Evaluate -3 - (-2 + (1 - 4)).
2
What is -3 + 5 + (-3 + -2 - -1)?
-2
What is the value of -7 - ((-3 + 1 - -1) + -4)?
-2
What is the value of (-2 - (5 - 9)) + 1 + -2?
1
Evaluate 5 - (-1 - 10 - 0 - -7).
9
What is the value of -11 - (-17 - (-1 + -10))?
-5
What is the value of (-3 - (1 - 5 - 4)) + -1?
4
4 + 0 + -3 + 18 + -16
3
3 - (4 - (1 + (3 - 0)))
3
What is the value of 36 + -30 + (-1 - 0)?
5
What is the value of 6 + (0 - (0 + 2))?
4
Calculate 8 - (-4 + 9) - 2.
1
Calculate 3 + 3 + (-13 - -10).
3
What is 2 - (15 - 12 - (0 + 6))?
5
What is the value of (-7 - (1 - 2)) + 2?
-4
What is the value of -9 + 4 + 15 + -5?
5
What is -4 + (1 - -2) + -21 + 29?
7
Calculate 7 + (5 + -6 - 13 - -6).
-1
What is -26 + 26 - (2 - -3)?
-5
Calculate (-7 - -3) + -2 + 3 + 0.
-3
What is the value of -7 + (3 + 8 - 8)?
-4
3 + -1 + -14 + 9
-3
What is the value of 5 + -7 + -1 + 1 + 1?
-1
What is the value of -1 + 3 + -2 + 0?
0
Evaluate (2 - 10) + -2 + 5.
-5
What is the value of 4 + -8 + -3 + 5?
-2
What is -4 - (-10 + (3 - (-4 - -6)))?
5
What is the value of (-4 - -3) + 0 + 1 + 1?
1
-2 + (5 - 3) - -3
3
4 - (-4 + -1 + 5 - 1)
5
What is -11 + (4 - 3) + 8 - -9?
7
6 + (0 - (0 + 3))
3
(3 - 2 - (6 - -1)) + 1
-5
What is (24 - (9 + 3)) + -22?
-10
What is 1 + (0 + -5 - -2 - -3)?
1
Calculate 4 + 4 + -4 + -7 + 0.
-3
What is the value of (1 - -2) + -8 - (-2 + 1)?
-4
12 + -22 + -2 + 5
-7
Calculate (8 - 2) + -2 + -3 + 2.
3
7 + (-1 - 2) + 6 + -6
4
What is 13 - 13 - (4 + (4 - 2))?
-6
What is the value of -5 + (-6 - -1 - (50 + -68))?
8
What is -1 + 1 + (-7 - (-6 - -2))?
-3
6 - ((-4 + -1 - -8) + 3)
0
(-23 + 12 - -15) + 2
6
(0 - 1) + -8 - -8
-1
3 + 0 + 5 + -9 + 2
1
What is 2 - (3 - (-5 - -1))?
-5
1 + -6 + 35 + -28
2
2 + (9 - 0) - (-19 - -25)
5
0 - 3 - (-2 + -5)
4
2 + -2 - (-4 - (-3 + -2))
-1
Evaluate 3 - (2 + (-1 - 3) + 3).
2
Evaluate 0 + 0 + (3 - (0 - -3)).
0
Calculate -3 + (2 - (-3 - 3)).
5
What is -11 - (-23 + 10 - -7)?
-5
Evaluate -22 + 20 - (-5 - 2).
5
Calculate -4 + 8 + (-2 - 3).
-1
What is 3 - (6 + -3 - 0) - -2?
2
Evaluate (3 - ((3 - 0) + -1)) + -2.
-1
What is 12 + 0 + -17 + 2?
-3
What is the value of -3 + (8 - 0) - 3?
2
Calculate 19 + -7 + 2 + -7 - 4.
3
What is the value of -7 - (0 + (-1 - (1 + 2)))?
-3
What is (1 - (0 + -1 - 0)) + 2?
4
What is 5 - 10 - 5 - -14?
4
Calculate 7 - (-5 + 8 + -6) - 4.
6
1 + -1 - (2 - (-4 + 4))
-2
What is the value of -1 - (0 + 0) - 2?
-3
What is the value of -4 + (-7 - -7) - 4?
-8
Evaluate 7 + (2 - (8 + -4)).
5
Evaluate 8 + -4 + -9 + 1 + 2.
-2
-6 - (-3 + -1 + -10 + 3)
5
Evaluate (1 - 2) + (15 - 11).
3
Evaluate -4 - (-34 - -13 - -7).
10
Evaluate -2 - 0 - (-11 + 10 + -3).
2
What is 10 + -17 + 5 + -3?
-5
What is the value of (0 - 0) + 10 + -10 + 1?
1
Calculate (5 - 4) + 4 + 0 - 11.
-6
Evaluate 0 + (-2 - 2) + 6.
2
Calculate 6 - 9 - (-1 - 3).
1
-3 + 1 + -3 + 7 + -3
-1
What is 6 - (2 + -5 + 5)?
4
What is the value of -5 + 3 + 1 + 1?
0
What is the value of (-4 - 1) + 3 - 3?
-5
What is 4 + -3 + 0 + -4 - -1?
-2
Calculate 1 + (1 - 2) - (-17 - -14).
3
(-7 - -2 - -12) + (3 - 1)
9
-6 - (-9 - (2 + -4))
1
Calculate -2 - 1 - (-4 + -2).
3
What is (5 - (0 + 7 - 2)) + -2?
-2
5 + -7 + 0 + 3
1
Calculate 2 - 1 - (-2 + -2).
5
What is the value of (0 - 1) + -3 + 6?
2
What is 6 + (-2 - (12 + (3 - 6)))?
-5
What is 3 - (-8 + 1 + 5)?
5
-2 - (-2 - (-3 + 6) - -3)
0
Evaluate 4 - 1 - (0 - (-6 + 1)).
-2
Evaluate (-28 - -23) + (-3 - -11).
3
What is 0 + 3 + -3 - 2?
-2
Evaluate 4 + (-8 + 20 - 9).
7
What is 1 + 4 + -4 + (5 - 5)?
1
Evaluate 1 - (-3 + 12) - (-4 - 0).
-4
Calculate 6 + 4 + -2 + -3.
5
What is -7 - -11 - (6 - 8)?
6
Calculate -1 + 2 + (-1 - 1 - 3).
-4
51 - 56 - (-9 - -1)
3
6 - 5 - (9 + 0)
-8
What is the value of 14 - 7 - 1 - (-3 + 10)?
-1
What is the value of 2 + 3 + (-3 - (-5 - -3))?
4
Evaluate (12 - 8) + -7 + (-2 - -2).
-3
Calculate -9 + (-1 - (-4 + 3) - -5).
-4
Calculate -3 - -1 - 9 - (-4 + -3).
-4
What is -2 - -1 - 1 - (1 - 3)?
0
6 + (-18 - -8 - -5)
1
Calculate 13 - 19 - (-8 + -2).
4
What is the value of (-1 - -1) + 4 - (3 - 0)?
1
Evaluate -4 + 4 + 2 + 0.
2
What is the value of -6 - (-2 + 5 + -4)?
-5
Evaluate (-4 - -2) + 4 + (0 - -1).
3
Evaluate 60 + -79 - (1 - 13).
-7
1 + (4 + -1 - 0)
4
What is 0 + (-7 - -4) + (0 - -8)?
5
Evaluate -3 + -4 + 2 - -3.
-2
Calculate -2 - (-8 + 11 + (-2 - 2)).
-1
-2 + 9 + -3 - (-4 + 6)
2
Evaluate (2 - 4) + (-5 - -2).
-5
What is the value of 5 - (-1 + 3 + -14 + 8)?
9
3 + -4 - 5 - (-3 + 1)
-4
What is -3 + -10 + 6 + 6?
-1
-7 + 5 + 0 + 5
3
14 + -16 + -1 + (1 - 0)
-2
What is the value of (89 - 87) + 1 + (-10 - 0)?
-7
What is 5 - (-2 + -2 + 5)?
4
What is 3 - (-4 - (-2 - 1)) - 2?
2
What is -13 + 2 - (92 + -108)?
5
What is the value of 4 + 1 + (0 - 2) + -2?
1
Calculate 2 - 6 - 0 - -6 - 4.
-2
(6 - 3) + 3 - 6
0
Evaluate -1 + -1 + (1 - -1).
0
What is the value of (-2 - 1) + -3 + 0?
-6
-3 + (-1 + 1 - -8)
5
-1 + (-2 - (-8 - 0))
5
Calculate (-1 - (-1 - 1)) + (2 - 5).
-2
Evaluate 27 + -17 + (-9 - -2).
3
(-1 + 0 - 1) + (-4 - -3)
-3
What is 3 - (0 + -16 + 7 + 7)?
5
Calculate 5 + (-1 - -6 - 6).
4
Calculate 1 + (4 - (2 + -1)).
4
Evaluate -2 - ((20 - 25) + (9 - 1)).
-5
What is the value of -8 + 0 - (18 + 6 + -26)?
-6
Calculate -3 - (3 - (3 - -3 - 1)).
-1
What is -3 + (3 - 9) + 5 + 2?
-2
Evaluate -1 - ((9 - 16) + 8).
-2
What is -3 + (2 - (5 + -3))?
-3
Calculate 1 - (3 - (-8 + -2 + 6)).
-6
Calculate 0 - ((-1 - -8) + -3).
-4
What is -1 + 1 - 4 - -1?
-3
What is the value of 1 + -1 + (-1 - -1) + -1?
-1
(3 - (6 + 1)) + -3 + 4
-3
What is 0 - -1 - (1 - -2)?
-2
Evaluate -5 + 9 + -10 - -5.
-1
What is the value of -8 - 7 - -17 - (2 + 1)?
-1
4 - -4 - ((5 - 1) + 0)
4
13 + (9 - 3 - 13) + -1
5
Calculate -6 + 2 + 0 + 3 + 6.
5
Evaluate (4 - 0) + -10 + 11.
5
What is -1 + 8 + -3 - (1 + 2)?
1
Evaluate 8 + -18 - (1 + -2).
-9
Evaluate 2 + (4 - 9) + 3 + -3.
-3
Evaluate -9 - ((2 - 5) + 0).
-6
What is the value of 0 + 5 + 